{"id":44,"date":"2018-08-31T16:54:57","date_gmt":"2018-08-31T14:54:57","guid":{"rendered":"http:\/\/smartlan.pl\/?page_id=44"},"modified":"2018-08-31T18:18:20","modified_gmt":"2018-08-31T16:18:20","slug":"oferta-dla-firm2","status":"publish","type":"page","link":"https:\/\/smartlan.pl\/?page_id=44","title":{"rendered":"Dla firm"},"content":{"rendered":"<p>Obs\u0142uga informatyczna i elektryczna ma\u0142ych firm<\/p>\n<p>Nie wszystkie serwisy IT i klienci zdaj\u0105 sobie spraw\u0119 \u017ce ,<br \/>\nniezawodno\u015b\u0107 sprz\u0119tu komputerowego i bezpiecze\u0144stwo danych i pracownik\u00f3w<br \/>\nzaczyna si\u0119 od prawid\u0142owo wykonanej i sprawdzonej instalacji elektrycznej.<br \/>\n(np. zasilanie sprz\u0119tu komputerowego z osobnych obwod\u00f3w zabezpieczonych wy\u0142.<br \/>\nR\u00f3\u017cnicowo-pr\u0105dowymi przeznaczonymi dla komputer\u00f3w )<\/p>\n<p>Wykonywanie instalacji szkieletowych sieci lan<br \/>\nWykonywanie i \u0142\u0105czenie instalacji IT i elektrycznych<br \/>\nWykonywanie pod\u0142\u0105czenia elektrycznego szaf Rack<br \/>\nPosiadam uprawnienia elektryczne \u201eE\u201d i \u201eD\u201d<\/p>\n<p>Zdalna obs\u0142uga informatyczna to moja oferta dla ma\u0142ych firm. Jest to<br \/>\nus\u0142uga IT, w kt\u00f3rej \u0142\u0105cze si\u0119 z Pa\u0144stwa komputerem i pracuje tak, jak gdyby<br \/>\nby\u0142 na miejscu przed komputerem r\u00f3wnocze\u015bnie ca\u0142y czas komunikuj\u0105c si\u0119 z osob\u0105,<br \/>\nkt\u00f3ra zg\u0142osi\u0142a problem. Us\u0142uga ta kierowana jest dla firm, kt\u00f3re przede<br \/>\nwszystkim nie potrzebuj\u0105 sta\u0142ej obecno\u015bci informatyka na miejscu ich pracy,<br \/>\na kt\u00f3rym zale\u017cy na jak najszybszym rozwi\u0105zaniu problemu.<\/p>\n<p>Zdalna pomoc w stosunku do tradycyjnych wizyt ma przede wszystkim kilka zalet:<br \/>\nbrak koszt\u00f3w dojazdu i usuni\u0119cie problemu w dowolnym miejscu pracy<br \/>\npotrzebuj\u0119 zaledwie kilku minut na po\u0142\u0105czenie si\u0119<br \/>\nautomatycznie koszt us\u0142ugi jest bardzo niski i rozliczany wy\u0142\u0105cznie za czas pracy<\/p>\n<p>&nbsp;<\/p>\n","protected":false},"excerpt":{"rendered":"<p>Obs\u0142uga informatyczna i elektryczna ma\u0142ych firm Nie wszystkie serwisy IT i klienci zdaj\u0105 sobie spraw\u0119 \u017ce , niezawodno\u015b\u0107 sprz\u0119tu komputerowego i bezpiecze\u0144stwo danych i pracownik\u00f3w zaczyna si\u0119 od prawid\u0142owo wykonanej i sprawdzonej instalacji elektrycznej. (np. zasilanie sprz\u0119tu komputerowego z osobnych obwod\u00f3w zabezpieczonych wy\u0142. R\u00f3\u017cnicowo-pr\u0105dowymi przeznaczonymi dla komputer\u00f3w ) Wykonywanie instalacji szkieletowych sieci lan Wykonywanie i &#8230; <a title=\"Dla firm\" class=\"read-more\" href=\"https:\/\/smartlan.pl\/?page_id=44\" aria-label=\"More on Dla firm\">Czytaj dalej<\/a><\/p>\n","protected":false},"author":1,"featured_media":0,"parent":0,"menu_order":0,"comment_status":"closed","ping_status":"closed","template":"","meta":[],"_links":{"self":[{"href":"https:\/\/smartlan.pl\/index.php?rest_route=\/wp\/v2\/pages\/44"}],"collection":[{"href":"https:\/\/smartlan.pl\/index.php?rest_route=\/wp\/v2\/pages"}],"about":[{"href":"https:\/\/smartlan.pl\/index.php?rest_route=\/wp\/v2\/types\/page"}],"author":[{"embeddable":true,"href":"https:\/\/smartlan.pl\/index.php?rest_route=\/wp\/v2\/users\/1"}],"replies":[{"embeddable":true,"href":"https:\/\/smartlan.pl\/index.php?rest_route=%2Fwp%2Fv2%2Fcomments&post=44"}],"version-history":[{"count":6,"href":"https:\/\/smartlan.pl\/index.php?rest_route=\/wp\/v2\/pages\/44\/revisions"}],"predecessor-version":[{"id":97,"href":"https:\/\/smartlan.pl\/index.php?rest_route=\/wp\/v2\/pages\/44\/revisions\/97"}],"wp:attachment":[{"href":"https:\/\/smartlan.pl\/index.php?rest_route=%2Fwp%2Fv2%2Fmedia&parent=44"}],"curies":[{"name":"wp","href":"https:\/\/api.w.org\/{rel}","templated":true}]}}